. Give x(8).
4
Let x(w) = 5*w - 87. What is x(17)?
-2
Let q(a) = a**3 + 4*a**2 + 31*a + 117. Calculate q(-4).
-7
Let c(r) = 17*r + 2. Give c(1).
19
Let k(h) = h**3 - 6*h**2 - 14*h - 5. Determine k(4).
-93
Let y(n) = n - 9. Calculate y(-7).
-16
Let r(f) = -2*f + 65. What is r(26)?
13
Let o(k) = -k**3 - 9*k**2 - 7*k + 15. Determine o(-8).
7
Let d(t) = t**3 - 9*t**2 + 10*t - 9. Determine d(8).
7
Let d(m) = -2*m**3 - 2*m**2 + 4*m - 2. Give d(-3).
22
Let v(c) = c**2 - 27*c + 22. Calculate v(26).
-4
Let q(r) = r**3 + 5*r**2 - 7. Calculate q(-5).
-7
Let x(g) = 3*g**2 + 5*g + 3. What is x(-4)?
31
Let n(a) = a**2 + 13*a + 3. Give n(-6).
-39
Let u(q) = q**2 - 13*q + 27. Give u(12).
15
Let l(h) = h**3 - 45*h**2 + 46*h - 94. Give l(44).
-6
Let p(l) = -2*l**2 + 9*l - 1. Determine p(5).
-6
Let z(q) = 2*q**2 + 7*q - 58. Calculate z(5).
27
Let g(c) = -4*c + 8. Determine g(6).
-16
Let b(v) = v**2 + 16*v - 44. Calculate b(-17).
-27
Let y(u) = -28*u + 87. Calculate y(3).
3
Let o(q) = 3*q**2 + 13*q + 33. Calculate o(-5).
43
Let r(h) = -h**3 + 17*h**2 + h - 16. Give r(17).
1
Let d(a) = -a**3 - 10*a**2 - 8*a + 12. Determine d(-9).
3
Let s(v) = v**3 + 8*v**2 - 7*v - 6. Give s(-8).
50
Let u(k) = k**2 - k - 32. Calculate u(0).
-32
Let k(q) = q**3 - 8*q**2 + 15*q + 4. Give k(6).
22
Let k(l) = 10*l - 66. What is k(7)?
4
Let q(t) = -2*t - 22. Give q(-10).
-2
Let h(b) = b - 2. Give h(-7).
-9
Let y(v) = -11*v + 28. Give y(4).
-16
Let g(x) = x - 2. Give g(-4).
-6
Let b(j) = -j**3 - 21*j**2 - j - 30. What is b(-21)?
-9
Let p(r) = 14*r + 4. Determine p(-2).
-24
Let o(d) = -d**2 - 4*d - 11. Determine o(-6).
-23
Let s(p) = p**3 - 11*p**2 + 17. What is s(11)?
17
Let h(r) = -r**3 + r**2 + 8*r + 7. Determine h(-1).
1
Let d(k) = k**3 - 8*k**2 - 15*k + 19. What is d(9)?
-35
Let y(c) = -4*c - 159. Calculate y(-36).
-15
Let b(i) = 2*i + 53. Give b(-14).
25
Let o(f) = -4*f + 1. Give o(-3).
13
Let a(w) = -w**2 - 13. Calculate a(0).
-13
Let z(o) = -4*o + 13. What is z(3)?
1
Let p(s) = 16*s**3 + 8*s - 9. Give p(1).
15
Let h(f) = -2*f**2 + f + 3. Give h(2).
-3
Let k(y) = -y**3 + 29*y**2 - 55*y + 21. What is k(27)?
-6
Let b(z) = 8*z - 4. What is b(-5)?
-44
Let f(z) = -7*z + 44. What is f(3)?
23
Let q(x) = 58*x**3 - 13*x + 13. What is q(1)?
58
Let w(m) = m**3 - 7*m**2 + 9*m - 2. What is w(4)?
-14
Let d(o) = -o**3 - 11*o**2 + 10*o - 1. What is d(-12)?
23
Let p(v) = -6*v - 22. Calculate p(-5).
8
Let i(q) = -5*q**2 - 22*q - 9. What is i(-4)?
-1
Let i(q) = -q**3 - 8*q**2 + 11*q - 3. Determine i(-9).
-21
Let x(q) = q**2 + 12*q + 11. Give x(-9).
-16
Let a(i) = -i**3 + i**2 - 3*i - 7. Give a(0).
-7
Let u(l) = -l**3 - 7*l**2 + 6*l + 6. Determine u(-6).
-66
Let i(z) = -7*z - 19. Determine i(-5).
16
Let x(w) = w**3 - 12*w**2 - 5*w + 25. Calculate x(12).
-35
Let u(j) = -j**2 + 29*j + 14. Give u(30).
-16
Let l(u) = u**2 - 14. Give l(0).
-14
Let x(h) = -h - 12. Calculate x(3).
-15
Let h(o) = o**3 - 13*o**2 + 2*o - 24. What is h(13)?
2
Let c(i) = i**3 - 8*i**2 + 7*i - 6. Calculate c(7).
-6
Let s(t) = 4*t - 78. Determine s(26).
26
Let q(b) = b**2 + 17*b - 14. What is q(-18)?
4
Let r(m) = 20*m**3 + 3*m**2 - 4*m - 1. Give r(2).
163
Let f(w) = w**3 - 4*w**2 - 5. Calculate f(4).
-5
Let i(b) = -7*b - 5. Give i(-7).
44
Let d(w) = -w**3 - 4*w**2 - 2*w + 5. Give d(-2).
1
Let v(t) = t**3 - 9*t**2 - 13*t + 14. Determine v(11).
113
Let p(a) = 2*a - 17. Determine p(5).
-7
Let d(j) = j - 1. Determine d(-4).
-5
Let h(i) = i**3 + 5*i**2 - 69*i + 14. What is h(6)?
-4
Let j(x) = -2*x**2 - 90*x + 173. Determine j(-47).
-15
Let q(r) = 14*r + 2. Calculate q(1).
16
Let m(k) = -k**2 - 18*k - 84. Determine m(-8).
-4
Let n(g) = -g**3 + 5*g**2 - 8*g + 14. Determine n(6).
-70
Let v(b) = -b**2 + 14*b + 20. Determine v(15).
5
Let d(o) = o**3 + 61*o**2 + 226*o - 114. What is d(-57)?
0
Let f(r) = 2*r - 39. What is f(10)?
-19
Let d(y) = y**2 - 49*y - 152. Give d(-3).
4
Let d(u) = -12*u - 12. Determine d(-1).
0
Let j(f) = -5*f - 8. Calculate j(-4).
12
Let t(k) = k**2 - 10*k + 36. What is t(5)?
11
Let z(h) = -h**2 - 5*h - 5. Give z(-3).
1
Let n(z) = -z**3 - 7*z**2 - 7*z - 3. Determine n(-6).
3
Let d(q) = -q**2 + 5*q + 15. Determine d(11).
-51
Let b(f) = -2*f**2 - 40*f - 148. What is b(-15)?
2
Let u(c) = 3*c**2 - c. Calculate u(-2).
14
Let i(m) = 6*m - 13. What is i(7)?
29
Let i(a) = -17*a + 37. Calculate i(3).
-14
Let f(y) = -y**2 - 10*y - 39. Give f(-15).
-114
Let o(q) = -2*q**3 - 66*q**2 + 4*q + 110. Give o(-33).
-22
Let r(o) = o**2 - 11*o. Calculate r(7).
-28
Let m(s) = s**2 - 3*s + 7. Calculate m(5).
17
Let s(b) = b**2 - 19*b + 111. Give s(10).
21
Let r(u) = 45*u - 1579. Calculate r(35).
-4
Let h(m) = 11*m - 155. What is h(14)?
-1
Let k(i) = i. What is k(1)?
1
Let g(y) = 2*y**3 - 2*y**2 + 3*y - 2. Determine g(3).
43
Let o(r) = -r**3 - 7*r**2 + 2*r - 8. Calculate o(-7).
-22
Let g(n) = -2*n**3 - 15*n**2 + 10*n + 18. Determine g(-8).
2
Let o(z) = 14*z**2 + z + 1. Calculate o(-1).
14
Let o(r) = -88*r + 1. What is o(-1)?
89
Let a(c) = c**3 - 10*c**2 - 11*c - 13. Calculate a(11).
-13
Let w(a) = a**2 + 12*a - 51. Calculate w(-15).
-6
Let g(o) = -3*o + 16. Calculate g(11).
-17
Let v(a) = -a**3 + 47*a**2 + 99*a - 48. Calculate v(49).
1
Let f(d) = -6*d**2 + 3*d + 12. Calculate f(-5).
-153
Let c(b) = -b**2 + b + 13. What is c(8)?
-43
Let g(p) = -5*p - 11. Determine g(-5).
14
Let b(f) = 7*f + 10. Calculate b(9).
73
Let o(m) = -18*m + 474. What is o(27)?
-12
Let n(v) = 14*v - 20. Give n(1).
-6
Let q(m) = -m**3 - 14*m**2 + 14*m - 13. What is q(-15)?
2
Let z(o) = -4*o - 65. Calculate z(-15).
-5
Let c(l) = 7*l + 21. Determine c(-4).
-7
Let r(h) = -21*h - 18. Determine r(5).
-123
Let a(g) = -51*g - 507. Determine a(-10).
3
Let r(k) = 2*k - 27. Give r(12).
-3
Let u(b) = 2*b**2 + 12*b - 16. Determine u(-10).
64
Let m(b) = 49*b - 1. Give m(1).
48
Let q(i) = -i**3 + 11*i**2 - 5*i - 54. Determine q(10).
-4
Let g(h) = -4*h**2 + 25*h. Give g(6).
6
Let l(q) = 15*q - 4. Determine l(-1).
-19
Let n(z) = -31*z + 524. What is n(17)?
-3
Let b(p) = 7*p - 152. Calculate b(21).
-5
Let z(a) = -29*a - 3. Determine z(-1).
26
Let n(x) = -159*x + 4. Calculate n(-1).
163
Let a(t) = -t**2 + 7*t - 8. What is a(7)?
-8
Let k(p) = -5*p**2 - 1. Determine k(-2).
-21
Let t(a) = a + 9. Give t(-14).
-5
Let t(l) = 35*l**3 + 2*l**2 + 3*l + 2. Determine t(-1).
-34
Let x(p) = -2*p**2 + 18*p - 16. Give x(10).
-36
Let f(x) = 2*x + 28. Give f(-15).
-2
Let u(k) = 20*k**2 + 201*k + 8. Determine u(-10).
-2
Let v(b) = b**3 + 8*b**2 + 9*b + 12. What is v(-7)?
-2
Let q(j) = -2*j**3 + 2*j**2 + 2*j - 4. Calculate q(2).
-8
Let v(j) = j**2 + 14*j - 47. Calculate v(-17).
4
Let c(d) = 11*d**3 - 2*d**2 + d - 2. Determine c(2).
80
Let k(t) = -t**3 + 9*t**2 + 8*t + 12. Determine k(10).
-8
Let w(h) = -105*h + 15. Calculate w(1).
-90
Let l(x) = -34*x + 1. Give l(3).
-101
Let i(m) = m**2 - 29*m + 117. What is i(6)?
-21
Let y(b) = 34*b + 84. Give y(-3).
-18
Let l(j) = -2*j + 14. Calculate l(6).
2
Let m(u) = -u**3 + 3*u**2 + 22*u + 27. Give m(-3).
15
Let t(b) = 6*b - 260. Give t(44).
4
Let f(i) = i**3 - 4*i**2 - 2*i + 2. Calculate f(3).
-13
Let g(i) = i**3 + 9*i**2 - 6*i - 7. Give g(-9).
47
Let w(i) = 3*i + 35. What is w(-14)?
-7
Let k(c) = 5*c - 15. Calculate k(13).
50
Let h(p) = -12*p - 103. Give h(-9).
5
Let b(c) = 8*c + 76. Give b(-9).
4
Let c(f) = f**3 + 48*f**2 + 512*f + 8. Give c(-16).
8
Let i(z) = z**3 + 18*z**2 + 17*z - 3. What is i(-17)?
-3
Let v(q) = -6*q + 8. Determine v(3).
-10
Let l(j) = j**3 - 20*j**2 - 40*j - 10. What is l(22)?
78
Let o(f) = -8*f - 11. Determine o(-5).
29
Let t(m) = -15*m**2 - 30*m. Calculate t(-2).
0
Let x(i) = -15*i - 5. Determine x(-5).
70
Let t(r) = -r**3 - 10*r**2 - 29*r - 11. Determine t(-5).
9
Let s(g) = -2*g**3 - g**2 + 3*g + 10. Determine s(-4).
110
Let b(z) = -5*z - 1. Give b(2).
-11
Let n(k) = 8*k - 1. Give n(-2).
-17
Let b(n) = n**3 - 12*n**2 - 14*n + 19. What is b(13)?
6
Let h(c) = c**3 + 11*c**2 + 12*c - 12. Give h(-10).
-32
Let d(f) = 6*f + 2. What is d(1)?
8
Let m(f) = 6*f - 7. Calculate m(2).
5
Let y(v) = 2*v - 5. Determine y(-3).
-11
Let h(r) = -17*r - 384. Give h(-23).
7
Let v(m) = m**3 + 6*m**2 - 2*m + 5. Calculate v(-6).
17
Let j(c) = c**3 + 4*c**2 + 7*c + 16. Calculate j(-5).
-44
Let y(o) = -o**2 + 7*o - 2. What is y(6)?
4
Let f(u) = -2*u**2 + 11*u - 